, 11
Suppose 8 = u - 14. Suppose -4*g = -2*g - h + 23, -h = 1. Let x = u + g. What are the prime factors of x?
2, 5
Let f = 9 + -4. List the prime factors of f.
5
Suppose -3*l = 5*q - 104, -3*q - 12 = -l - 66. Suppose -4*m + 2*m + 6 = 0. List the prime factors of (q/(-4))/(m/(-12)).
19
Suppose 2*t - 2 = 2, -4*t + 12 = a. Let w(p) = p**2 + 10*p + 12. Let j be w(-12). Suppose -a*i + j = 12. What are the prime factors of i?
2, 3
What are the prime factors of 13*(-4)/16*-40?
2, 5, 13
List the prime factors of ((-3)/9)/((-4)/216).
2, 3
Let t(f) = 4*f - f**3 + f**2 + 3*f**2 + 4 + 2*f**2 - 5*f. List the prime factors of t(5).
2, 3
Suppose -141 = -m + 179. List the prime factors of m.
2, 5
Let i(t) = -t**3 + 6*t**2 + t + 4. List the prime factors of i(6).
2, 5
Let f = -9 - -5. Let g(y) = -4*y - 2. List the prime factors of g(f).
2, 7
List the prime factors of (-4)/(-22) + 291/22*8.
2, 53
Suppose -5*d - 5 = -5*k, -4*k = -2*d - 5*k - 8. Let f = d - -2. What are the prime factors of 1 + 0 + (-9)/f?
2, 5
Let w be ((-2)/(-4))/((-2)/(-4)). List the prime factors of -2*(w - (-13)/(-2)).
11
Let z = -4 + 6. Suppose -2*w - 3 = 5*s + 5, -8 = -4*s + z*w. List the prime factors of -4*(s - (-1)/(-2)).
2
Let o = -2 - -7. Suppose -o*n - 2*d = d - 18, -3*d - 18 = -n. List the prime factors of n.
2, 3
What are the prime factors of 2/2*(50 + -6)?
2, 11
Suppose -2*f = -0*f + 4*q - 8, 0 = 5*f + q - 38. List the prime factors of f.
2
Suppose -10*n - 552 = -13*n. What are the prime factors of n?
2, 23
Let y(z) = 3*z**3 - 41*z**2 + 39*z - 36. Let r(m) = m**3 - 14*m**2 + 13*m - 12. Let c(g) = 11*r(g) - 4*y(g). List the prime factors of c(8).
2, 3
Suppose 0 = -4*b - 0*b - 2*v + 52, -5*b + v + 65 = 0. Let u = -19 + b. List the prime factors of (-11)/(-3) - u/18.
2
Let z = -53 + 75. What are the prime factors of z?
2, 11
Suppose 0 = -3*x + 4*x - 12. Suppose -x - 28 = -5*j. What are the prime factors of j?
2
Let a = -300 + 200. Suppose 0 = 5*y - 25 + 55. List the prime factors of a/y + (-8)/(-24).
17
Let w = 14 + -20. Let b = 11 - w. List the prime factors of b.
17
Let v = 15 - 2. Let j(m) = -m + 13. Let t be j(v). Suppose -3*f + 6 + 3 = t. List the prime factors of f.
3
Let x(v) = -2*v + 3. Let g be x(-4). Suppose 0 = -2*n + 7 + g. Suppose 0 = -t + 5*h + 11, t + t + 3*h - n = 0. What are the prime factors of t?
2, 3
Suppose -3*w = -w + 6. List the prime factors of 3/(-1)*w + -2.
7
Suppose i - 51 = 3*l, -5*i = -3*l - 298 + 79. What are the prime factors of i?
2, 3, 7
Suppose 5*h + 3*c + 45 = -c, -30 = 4*h + 2*c. Let q = 3 + h. List the prime factors of ((-176)/(-55))/(q/(-5)).
2
Suppose -28 = -2*x - 2*w, 34 - 12 = x - w. Let g = 15 - 9. Suppose x = g*c - 4*c. List the prime factors of c.
3
Suppose -o + 4*o - 24 = 0. Let z(x) = -3*x + 5. Let r(m) = 3*m - 4. Let p(l) = -3*r(l) - 4*z(l). List the prime factors of p(o).
2
Let u(s) = s**3 + 6*s**2 - 4*s - 6. Let g be u(-6). What are the prime factors of ((-17)/(-3))/(3/g)?
2, 17
Let c be (3/1)/1 + -53. List the prime factors of c/(-8) + (-6)/(-8).
7
Let v(b) = -b**3 - 2*b**2 + 10*b + 1. Let j be v(-5). What are the prime factors of 2*1 + 10 + j?
2, 19
Let h(o) = 2*o**2 - 2*o - 4. What are the prime factors of h(-5)?
2, 7
Suppose -5 = -4*z + 5*a + 5, -3*a + 31 = 5*z. Suppose z*u - 5*h - 80 = 0, 2*u - 11 - 21 = -h. What are the prime factors of u?
2
Let m be (1 + (-6)/4)*42. Let o = m + 53. Suppose 5*r - r = o. What are the prime factors of r?
2
Let q = -12 + 42. Let l be q/(-8)*(-16)/6. Suppose -l = -0*m - 3*m - 4*p, 0 = m + 2*p. List the prime factors of m.
2, 5
Let o be (-26)/(-12) + 6/(-36). What are the prime factors of (o + 68/(-12))*-6?
2, 11
Let s = -7 + 8. Let u be -7*(s - 2) + -2. Suppose -3*h - w + 55 - 14 = 0, h = -u*w + 37. What are the prime factors of h?
2, 3
Let a(j) = -8*j - 9*j + 4 + 7*j - 5*j. List the prime factors of a(-2).
2, 17
Suppose -15 + 0 = -3*c. Suppose 0 = 4*t - 3 - c. What are the prime factors of t + 16/2 - 2?
2
Suppose 5*v = -5*h + 1390, v - 4*v + 2*h = -854. List the prime factors of v.
2, 3, 47
Suppose -4*m = -5 + 13. Let w = m + 4. What are the prime factors of w?
2
Let p(u) = u + 13. Let b be p(-11). Let c be -4 + b/(-1 - -3). Let x = c + 12. What are the prime factors of x?
3
Let k = -3 - 2. Let g be (4 + -2)*k/(-2). Suppose 2*q + 5*c + g = 0, -5*q + 50 = -2*q - 4*c. List the prime factors of q.
2, 5
Let x = -28 - -46. What are the prime factors of x?
2, 3
Let f(q) = -q**2 + 10*q - 11. Let o(k) = 9*k**3 - k**2 + k - 1. Let n be o(1). Let w be f(n). List the prime factors of 3 - w - (-8)/2.
2
What are the prime factors of ((-6)/15)/((-3)/270)?
2, 3
Let z = -24 - -83. List the prime factors of z.
59
Let r be 0/1*(2 - 1). Suppose n + 3*n - 56 = r. What are the prime factors of n?
2, 7
Let s(m) = 2*m**2 + 3*m - 2. Let x(j) = -3*j**2 - 5*j + 3. Let o(k) = 7*s(k) + 4*x(k). Suppose -3*h + 0 = -9. What are the prime factors of o(h)?
19
Suppose -90 = -5*x + 60. What are the prime factors of x?
2, 3, 5
Let y = -16 + 90. List the prime factors of y.
2, 37
Let h = 2 + -4. Let g = h + 14. What are the prime factors of (-1 - -27)*6/g?
13
What are the prime factors of -3 + 1/((-4)/(-180))?
2, 3, 7
Let j be (12/(-10))/(1/(-5)). Let w be -2*(9/6 + 0). Let b = j - w. List the prime factors of b.
3
Let w be (-5 - -2)/(2/6). List the prime factors of 2*3*(-39)/w.
2, 13
Suppose 0*m - 2*m + 4 = 0. Let j be 62*((-3)/m - -2). Suppose 4*g = -11 + j. List the prime factors of g.
5
Suppose -14 = -4*y + 5*y - 4*o, -y - o = -6. Let r be y*(-1)/((-4)/(-2)). List the prime factors of (10/r)/(1 + -2).
2, 5
Let i = 7 - 6. Let d(k) = 16*k - 1. Let o be d(i). Let s = 4 + o. List the prime factors of s.
19
Let t be (-2)/(-4) - 14/(-4). Suppose -52 = -t*y + 2*y. List the prime factors of y.
2, 13
Let f(l) be the third derivative of -2*l**2 - 1/24*l**4 - 1/60*l**5 + 0 + 1/30*l**6 + 1/6*l**3 + 0*l. What are the prime factors of f(1)?
3
Let u(r) = 3*r + 6. List the prime factors of u(3).
3, 5
Let j(l) = l**3 + 10*l**2 - 17*l - 14. What are the prime factors of j(-11)?
2, 13
Let k(h) = h**2 + 3*h - 6. List the prime factors of k(-7).
2, 11
Let q(l) = -7*l**3 - 53 - 2*l**2 - 22*l**3 + 54. What are the prime factors of q(-1)?
2, 7
Suppose o - 6*y = -4*y + 28, -o + 24 = 2*y. What are the prime factors of o?
2, 13
Let n(i) = -3 + 0*i**2 + 2 - 5 - i**2 - 12*i. What are the prime factors of n(-9)?
3, 7
Let i = -5 + 13. Let r = i - 3. What are the prime factors of r?
5
Let h(l) = -l. Let z(p) = -p**3 - 7*p**2 - p + 1. Let r be z(-7). Let f be (-34)/r + (-2)/(-8). What are the prime factors of h(f)?
2
Suppose 0 = 2*f - 7*f + 3*k + 30, 0 = -k. List the prime factors of f.
2, 3
Let s(w) = w + 7. Let i(h) = h + 6. Let o(v) = -3*i(v) + 4*s(v). What are the prime factors of o(10)?
2, 5
Let k(i) = -192*i**3 - 2*i - 1. What are the prime factors of k(-1)?
193
Suppose 5*u - 60 = -5*s, -3*u + 3 = 2*s - 31. Let o(i) = -i**2 + 12*i - 13. List the prime factors of o(u).
7
What are the prime factors of (84/8)/(-7)*(-332)/6?
83
Suppose 0 = -5*i - 4*a + 156, 4*i - 3*a - 120 = -5*a. List the prime factors of i.
2, 7
Suppose -6*x + x + 175 = 0. List the prime factors of x.
5, 7
Let m(i) = -i**2 - 6*i + 6. Let q be m(-6). What are the prime factors of (-6)/9 - (-76)/q?
2, 3
Let h be (3/(-6))/(1/(-14)). Suppose 2*q = -5*m - h - 11, 5*m - 10 = 5*q. Let g = 6 + q. What are the prime factors of g?
2
Suppose -3*z = -7*z - 2*o + 8, 5*z - 3*o = -12. Suppose s - 2*i = -z*i - 26, 5*i = 5*s + 105. Let w = -9 - s. List the prime factors of w.
7
Let o = -15 - -16. Suppose -2*c + 2*a - o = -25, 0 = 5*c - 4*a - 63. List the prime factors of c.
3, 5
Let b(x) = 4*x**3 - 8*x**2 + 26*x**2 + 0*x**3 + 10 - 3*x**3 + 15*x. What are the prime factors of b(-17)?
2, 11
Suppose -132 = 2*s + 30. Let x = s - -135. List the prime factors of x.
2, 3
Suppose 813 = 4*p - 0*j + 3*j, 0 = -5*p - 4*j + 1017. What are the prime factors of p?
3, 67
Let w(f) = -f**3 + 7*f**2 + 3. Let m(s) = 2*s - 14. Let l be m(10). What are the prime factors of w(l)?
3, 13
Let i(b) = -b**2 - 4*b + 5. Let k be i(-5). Suppose -2 = 4*v + 5*s - 3, k = -3*v + 4*s + 24. What are the prime factors of v?
2
Let q(h) = 16*h**3 - h**2 - h - 1. Let i be q(-1). Let a = i + 44. List the prime factors of a.
3
Let a be ((-9)/(-3)